 453 a multiple of 3?
True
Is 1092 a multiple of 39?
True
Is 17 a factor of 57855?
False
Is 12506 a multiple of 14?
False
Is 1222 a multiple of 26?
True
Is 7363 a multiple of 63?
False
Is 118729 a multiple of 13?
True
Is 33 a factor of 174?
False
Is 7507 a multiple of 31?
False
Does 10 divide 820?
True
Is 7 a factor of 2155?
False
Is 28 a factor of 18031?
False
Does 9 divide 1044?
True
Does 2 divide 433?
False
Is 48 a factor of 43904?
False
Does 7 divide 4403?
True
Does 42 divide 5250?
True
Is 7 a factor of 224?
True
Does 66 divide 8345?
False
Is 92421 a multiple of 189?
True
Does 5 divide 12249?
False
Is 200 a multiple of 25?
True
Is 15 a factor of 54388?
False
Is 20 a factor of 322?
False
Is 1670 a multiple of 65?
False
Is 23 a factor of 8035?
False
Is 10 a factor of 2960?
True
Is 3156 a multiple of 24?
False
Does 16 divide 44816?
True
Is 41115 a multiple of 71?
False
Does 13 divide 19450?
False
Does 16 divide 400?
True
Is 226 a factor of 48388?
False
Does 69 divide 792?
False
Is 1260 a multiple of 12?
True
Is 43 a factor of 21242?
True
Does 62 divide 5392?
False
Is 4208 a multiple of 16?
True
Does 26 divide 1735?
False
Does 14 divide 62777?
False
Is 41 a multiple of 13?
False
Is 15296 a multiple of 64?
True
Does 149 divide 21903?
True
Is 4 a factor of 247?
False
Is 1195 a multiple of 36?
False
Is 488 a multiple of 12?
False
Does 51 divide 35037?
True
Does 255 divide 97920?
True
Does 7 divide 1859?
False
Does 15 divide 254?
False
Is 27 a factor of 31293?
True
Does 13 divide 1108?
False
Does 23 divide 20125?
True
Does 2 divide 2850?
True
Does 98 divide 6243?
False
Is 74 a factor of 444?
True
Is 10 a factor of 501?
False
Is 9 a factor of 14526?
True
Is 12 a factor of 6216?
True
Is 12993 a multiple of 61?
True
Is 2225 a multiple of 103?
False
Does 14 divide 4252?
False
Does 7 divide 2282?
True
Is 13950 a multiple of 25?
True
Does 2 divide 575?
False
Is 6624 a multiple of 36?
True
Is 420 a multiple of 12?
True
Is 17 a factor of 51?
True
Is 19 a factor of 918?
False
Does 6 divide 1650?
True
Is 697 a multiple of 51?
False
Is 140 a factor of 15400?
True
Is 1288 a multiple of 14?
True
Does 30 divide 2220?
True
Is 1004 a multiple of 67?
False
Is 21 a factor of 96306?
True
Is 273 a multiple of 13?
True
Is 12 a factor of 1644?
True
Is 42 a factor of 654?
False
Is 12337 a multiple of 140?
False
Is 14706 a multiple of 7?
False
Is 13938 a multiple of 143?
False
Is 196 a multiple of 22?
False
Does 41 divide 5866?
False
Does 13 divide 2158?
True
Is 10 a factor of 820?
True
Is 12 a factor of 755?
False
Is 38 a factor of 19612?
False
Is 8 a factor of 352?
True
Is 12 a factor of 684?
True
Is 1039 a multiple of 51?
False
Does 16 divide 11490?
False
Does 12 divide 660?
True
Is 18 a factor of 1138?
False
Is 228 a multiple of 114?
True
Is 28856 a multiple of 112?
False
Is 21 a factor of 2415?
True
Does 19 divide 10260?
True
Is 17114 a multiple of 6?
False
Is 8571 a multiple of 16?
False
Is 59 a factor of 16516?
False
Is 8968 a multiple of 97?
False
Is 24 a factor of 3314?
False
Is 10 a factor of 13846?
False
Is 107 a factor of 31565?
True
Is 7 a factor of 1085?
True
Is 1409 a multiple of 19?
False
Is 4940 a multiple of 9?
False
Is 34 a factor of 3931?
False
Does 12 divide 5545?
False
Is 2710 a multiple of 14?
False
Is 7106 a multiple of 62?
False
Is 6757 a multiple of 266?
False
Is 12136 a multiple of 179?
False
Does 2 divide 26632?
True
Does 18 divide 452?
False
Does 33 divide 41184?
True
Is 269 a multiple of 12?
False
Does 136 divide 952?
True
Does 30 divide 1350?
True
Is 126 a factor of 3024?
True
Is 20492 a multiple of 136?
False
Is 50 a factor of 1100?
True
Does 58 divide 4350?
True
Is 19 a factor of 675?
False
Is 9 a factor of 3663?
True
Does 7 divide 1519?
True
Is 306 a multiple of 17?
True
Is 10514 a multiple of 7?
True
Does 23 divide 368?
True
Is 41 a factor of 1435?
True
Is 360 a multiple of 20?
True
Is 14 a factor of 1540?
True
Is 3901 a multiple of 83?
True
Is 700 a multiple of 20?
True
Is 1025 a multiple of 41?
True
Does 7 divide 246?
False
Does 67 divide 4944?
False
Does 43 divide 731?
True
Is 136 a factor of 9454?
False
Is 26065 a multiple of 13?
True
Is 164 a multiple of 41?
True
Is 7 a factor of 378?
True
Does 8 divide 624?
True
Is 388 a multiple of 3?
False
Is 5603 a multiple of 143?
False
Does 13 divide 1728?
False
Is 16 a factor of 1696?
True
Is 74 a factor of 3860?
False
Is 3312 a multiple of 8?
True
Is 2340 a multiple of 9?
True
Is 4 a factor of 5826?
False
Is 294 a factor of 13818?
True
Is 16 a factor of 201?
False
Is 14 a factor of 3668?
True
Is 25 a factor of 705?
False
Does 15 divide 12390?
True
Is 12 a factor of 655?
False
Is 966 a multiple of 46?
True
Is 7087 a multiple of 19?
True
Does 16 divide 2748?
False
Is 798 a multiple of 114?
True
Is 1073 a multiple of 29?
True
Is 14299 a multiple of 135?
False
Is 14 a factor of 560?
True
Is 376 a multiple of 64?
False
Is 3086 a multiple of 93?
False
Is 6489 a multiple of 29?
False
Does 61 divide 39345?
True
Does 21 divide 7728?
True
Is 46 a factor of 690?
True
Does 56 divide 6296?
False
Does 97 divide 840?
False
Does 12 divide 28704?
True
Does 20 divide 1435?
False
Does 130 divide 75010?
True
Is 57 a factor of 33117?
True
Does 42 divide 110527?
False
Is 176 a factor of 5984?
True
Is 178 a factor of 1424?
True
Is 6644 a multiple of 3?
False
Does 103 divide 1339?
True
Does 3 divide 530?
False
Is 8211 a multiple of 17?
True
Is 32 a factor of 896?
True
Is 22880 a multiple of 13?
True
Is 62 a factor of 9236?
False
Does 21 divide 336?
True
Does 83 divide 15687?
True
Does 53 divide 424?
True
Is 67 a factor of 18626?
True
Does 445 divide 2670?
True
Is 274 a factor of 47308?
False
Is 7 a factor of 728?
True
Is 27 a factor of 352?
False
Is 8 a factor of 295?
False
Does 45 divide 4222?
False
Does 5 divide 860?
True
Does 16 divide 2344?
False
Is 252 a multiple of 21?
True
Is 3 a factor of 507?
True
Is 72 a factor of 720?
True
Does 17 divide 2873?
True
Is 4895 a multiple of 25?
False
Does 7 divide 1491?
True
Does 11 divide 1880?
False
Does 26 divide 10684?
False
Is 150 a factor of 67350?
True
Does 52 divide 735?
False
Is 17009 a multiple of 25?
False
Is 828 a multiple of 69?
True
Is 9 a factor of 157?
False
Is 1697 a multiple of 9?
False
Is 9 a factor of 1320?
False
Is 22307 a multiple of 31?
False
Does 210 divide 131250?
True
Is 1201 a multiple of 31?
False
Is 1563 a multiple of 5?
False
Does 46 divide 12576?
False
Is 91 a factor of 2783?
False
Does 63 divide 756?
True
Is 50 a multiple of 5?
True
Is 18569 a multiple of 34?
False
Is 264 a multiple of 11?
True
Is 27084 a multiple of 122?
True
Is 5895 a multiple of 45?
True
Does 18 divide 7335?
False
Is 16939 a multiple of 13?
True
Does 11 divide 1298?
True
Is 18 a factor of 1677?
False
Does 220 divide 22000?
True
Does 103 divide 289?
False
Is 9 a factor of 282?
False
Is 3948 a multiple of 84?
True
Does 39 divide 74?
False
Is 11 a factor of 1320?
True
Is 20 a factor of 43085?
False
Does 37 divide 14208?
True
Does 4 divide 97?
False
Is 84 a factor of 588?
True
Is 13162 a multiple of 112?
False
Does 47 divide 47?
True
Does 13 divide 6279?
True
Does 3 divide 86?
False
Is 264 a multiple of 13?
False
Is 21 a factor of 84?
True
Is 1366 even?
True
Does 22 divide 43406?
True
Is 1480 a multiple of 10?
True
Is 2877 a multiple of 15?
False
Is 13 a factor of 20358?
True
Does 155 divide 2015?
True
Is 114 a multiple of 13?
False
Is 52 a factor of 6136?
True
Is 10 a factor of 180?
True
Does 22 divide 60511?
False
Does 174 divide 96768?
False
Is 39 a factor of 11873?
False
Is 20 a factor of 1500?
True
Does 42 divide 6888?
True
Is 227 a factor of 82401?
True
Is 156 a multiple of 78?
True
Is 7 a factor of 1092?
True
Is 103 a factor of 9167?
True
Is 28 a factor of 863?
False
Is 18 a factor of 3427?
False
Does 30 divide 1140?
True
Is 12 a factor of 1545?
False
Does 10 divide 1657?
False
Is 1456 a multiple of 16?
True
Does 6 divide 581?
False
Is 6 a factor of 4295?
False
Is 9 a factor of 6027?
False
Does 14 divide 106?
False
Is 972 a multiple of 36?
True
Does 13 divide 945?
False
Does 9 divide 10186?
False
Is 13 a factor of 67?
False
Is 91 a factor of 4459?
True
Is 784 a multiple of 28?
True
Is 40 a multiple of 4?
True
Does 20 divide 640?
True
Is 834 a multiple of 5?
False
I